lculate the remainder when 24019 is divided by 4002.
7
What is the remainder when 31299 is divided by 19?
6
Calculate the remainder when 9599 is divided by 4341.
917
What is the remainder when 68950 is divided by 256?
86
What is the remainder when 342817 is divided by 20?
17
Calculate the remainder when 38788 is divided by 12928.
4
Calculate the remainder when 65247 is divided by 32597.
53
Calculate the remainder when 5509 is divided by 554.
523
What is the remainder when 11857 is divided by 10?
7
What is the remainder when 100602 is divided by 100572?
30
What is the remainder when 21456 is divided by 2383?
9
Calculate the remainder when 225219 is divided by 306.
3
What is the remainder when 22087 is divided by 235?
232
Calculate the remainder when 37385 is divided by 1140.
905
Calculate the remainder when 19275 is divided by 9332.
611
Calculate the remainder when 109294 is divided by 198.
196
What is the remainder when 83473 is divided by 41734?
5
What is the remainder when 2810 is divided by 931?
17
Calculate the remainder when 1756 is divided by 18.
10
What is the remainder when 16187 is divided by 2022?
11
What is the remainder when 14002 is divided by 6977?
48
Calculate the remainder when 204727 is divided by 165.
127
Calculate the remainder when 15073 is divided by 5017.
22
What is the remainder when 2281 is divided by 456?
1
What is the remainder when 421 is divided by 300?
121
Calculate the remainder when 13968 is divided by 295.
103
Calculate the remainder when 50055 is divided by 1024.
903
Calculate the remainder when 14601 is divided by 203.
188
What is the remainder when 79 is divided by 50?
29
What is the remainder when 13099 is divided by 105?
79
What is the remainder when 11646 is divided by 1454?
14
What is the remainder when 17544 is divided by 17528?
16
Calculate the remainder when 2623 is divided by 151.
56
Calculate the remainder when 9290 is divided by 327.
134
Calculate the remainder when 105547 is divided by 68.
11
Calculate the remainder when 20896 is divided by 89.
70
Calculate the remainder when 7572 is divided by 1249.
78
Calculate the remainder when 19248 is divided by 84.
12
What is the remainder when 303 is divided by 4?
3
What is the remainder when 11265 is divided by 3733?
66
What is the remainder when 43008 is divided by 55?
53
Calculate the remainder when 40415 is divided by 377.
76
What is the remainder when 59928 is divided by 1068?
120
What is the remainder when 197 is divided by 185?
12
Calculate the remainder when 1312 is divided by 13.
12
Calculate the remainder when 209994 is divided by 41997.
9
Calculate the remainder when 8073 is divided by 245.
233
Calculate the remainder when 121123 is divided by 20186.
7
Calculate the remainder when 3620 is divided by 195.
110
What is the remainder when 9904971 is divided by 157?
155
What is the remainder when 595851 is divided by 896?
11
Calculate the remainder when 1505197 is divided by 1325.
1322
What is the remainder when 61608 is divided by 138?
60
Calculate the remainder when 2004 is divided by 449.
208
Calculate the remainder when 47945 is divided by 11978.
33
What is the remainder when 16964 is divided by 5133?
1565
Calculate the remainder when 24688 is divided by 73.
14
What is the remainder when 7419 is divided by 530?
529
Calculate the remainder when 594257 is divided by 10.
7
Calculate the remainder when 69352 is divided by 5327.
101
What is the remainder when 436138 is divided by 90?
88
What is the remainder when 6121 is divided by 72?
1
What is the remainder when 4550 is divided by 4531?
19
Calculate the remainder when 128114 is divided by 40.
34
What is the remainder when 12667 is divided by 844?
7
Calculate the remainder when 8207 is divided by 63.
17
Calculate the remainder when 14323 is divided by 311.
17
What is the remainder when 26965 is divided by 51?
37
Calculate the remainder when 145722 is divided by 814.
16
Calculate the remainder when 8080 is divided by 142.
128
Calculate the remainder when 1511 is divided by 617.
277
Calculate the remainder when 17093 is divided by 17084.
9
What is the remainder when 139354 is divided by 6334?
6
Calculate the remainder when 28961 is divided by 323.
214
What is the remainder when 200275 is divided by 357?
355
What is the remainder when 44468 is divided by 677?
463
What is the remainder when 8188 is divided by 2721?
25
What is the remainder when 7515 is divided by 653?
332
What is the remainder when 1099 is divided by 118?
37
What is the remainder when 59507 is divided by 22?
19
Calculate the remainder when 3406 is divided by 149.
128
What is the remainder when 257925 is divided by 992?
5
What is the remainder when 2051773 is divided by 207?
196
Calculate the remainder when 448533 is divided by 826.
15
Calculate the remainder when 515564 is divided by 184.
180
What is the remainder when 90023 is divided by 662?
653
What is the remainder when 92321 is divided by 9?
8
What is the remainder when 1767103 is divided by 1709?
1706
Calculate the remainder when 714079 is divided by 79.
77
What is the remainder when 535 is divided by 279?
256
Calculate the remainder when 8541 is divided by 18.
9
What is the remainder when 15097 is divided by 128?
121
What is the remainder when 21398 is divided by 36?
14
Calculate the remainder when 4359 is divided by 37.
30
What is the remainder when 137353 is divided by 1446?
1429
Calculate the remainder when 7618 is divided by 191.
169
What is the remainder when 5141 is divided by 4050?
1091
What is the remainder when 2108 is divided by 88?
84
Calculate the remainder when 27092 is divided by 24.
20
Calculate the remainder when 595198 is divided by 300.
298
What is the remainder when 6991 is divided by 548?
415
Calculate the remainder when 6174 is divided by 6077.
97
Calculate the remainder when 884 is divided by 461.
423
What is the remainder when 46729 is divided by 46721?
8
Calculate the remainder when 484580 is divided by 488.
484
What is the remainder when 5818 is divided by 1161?
13
What is the remainder when 6223 is divided by 1237?
38
What is the remainder when 1061437 is divided by 1712?
1709
What is the remainder when 624 is divided by 1?
0
Calculate the remainder when 511856 is divided by 124.
108
What is the remainder when 33360 is divided by 101?
30
What is the remainder when 1695 is divided by 884?
811
Calculate the remainder when 5962 is divided by 387.
157
What is the remainder when 2110 is divided by 581?
367
Calculate the remainder when 10125 is divided by 3149.
678
What is the remainder when 203930 is divided by 2549?
10
Calculate the remainder when 103093 is divided by 142.
1
What is the remainder when 26630 is divided by 783?
8
What is the remainder when 45818 is divided by 428?
22
Calculate the remainder when 71678 is divided by 70.
68
Calculate the remainder when 2928 is divided by 613.
476
What is the remainder when 40488 is divided by 808?
88
What is the remainder when 7768 is divided by 2273?
949
Calculate the remainder when 5538 is divided by 86.
34
What is the remainder when 3861 is divided by 426?
27
What is the remainder when 443 is divided by 262?
181
Calculate the remainder when 3548 is divided by 16.
12
What is the remainder when 2909 is divided by 797?
518
What is the remainder when 39785 is divided by 13248?
41
Calculate the remainder when 19469 is divided by 432.
29
What is the remainder when 6468 is divided by 408?
348
Calculate the remainder when 12093 is divided by 109.
103
Calculate the remainder when 502764 is divided by 39.
15
What is the remainder when 665 is divided by 397?
268
What is the remainder when 59288 is divided by 605?
603
Calculate the remainder when 16897 is divided by 766.
45
What is the remainder when 1376 is divided by 315?
116
What is the remainder when 21494 is divided by 3568?
86
What is the remainder when 234 is divided by 145?
89
Calculate the remainder when 36215 is divided by 48.
23
Calculate the remainder when 1899 is divided by 1387.
512
What is the remainder when 1689707 is divided by 1213?
1211
Calculate the remainder when 344657 is divided by 10.
7
Calculate the remainder when 33654 is divided by 45.
39
Calculate the remainder when 122276 is divided by 2072.
28
Calculate the remainder when 3131 is divided 